 176 - (-4 + 0)?
-6
(6 - (1 + 1)) + -3
1
1 + 3 + -3 - 0
1
What is 0 + 4 - 3 - -3?
4
What is (-5 - -4) + (0 - 1)?
-2
What is the value of (-8 - -7) + 7 + 1 + -1?
6
Evaluate -2 - (2 + 2 - 2).
-4
What is -24 + 28 + 1 + -5?
0
Calculate 2 - (-4 + 0 + 0).
6
Calculate (-9 + 5 - -1) + 2.
-1
What is the value of 7 - 1 - (-4 + 5) - 13?
-8
What is the value of 2 + -3 + -6 + -4 - -7?
-4
What is the value of -5 - (0 - (1 - 0))?
-4
-2 + 4 + (6 - 1 - 2)
5
What is (-6 - (-4 - -3)) + 0?
-5
What is the value of -3 - (-5 - 1) - 6?
-3
Evaluate -6 + -4 + -3 + 6.
-7
Calculate 2 - (-3 - -3) - (-4 - -1).
5
-8 - (6 + -23 + 11)
-2
Calculate 1 - (-5 - -6 - 7).
7
Calculate 0 - -4 - (0 - 1).
5
1 + (5 - 8) + -2
-4
Calculate 7 + -2 - (1 + -2 - -7).
-1
Evaluate 5 + -3 - (-2 + 0).
4
3 + 8 + -15 + -1 + 13
8
What is -2 + 1 + (2 - -7) - 5?
3
1 + (1 - (7 - (3 + 0)))
-2
What is the value of 6 - (3 + -6 + 10)?
-1
Calculate 7 + 14 + -7 + -15 - -2.
1
Evaluate 1 + -5 - (33 + -35).
-2
What is the value of 12 + (-6 - (8 + -1 - 11))?
10
What is 0 + -6 + (4 - (1 - 0))?
-3
0 + (-4 - 0 - -4)
0
What is the value of -4 + -2 - (2 + 3 + -8)?
-3
4 + 11 + -69 + 62
8
Evaluate 4 - (1 + (-2 - -5)).
0
Calculate (5 - 4) + (7 - 4).
4
Evaluate -9 - (-1 + (-2 - -2)).
-8
Calculate -6 + 5 + 7 + -6.
0
What is (5 - -2 - 4) + -3?
0
-1 - (0 - 0) - (17 - 19)
1
What is 4 - (6 + -5 - -6)?
-3
What is -5 + (0 - -3) + 3?
1
What is the value of 0 - ((4 - 6) + 2)?
0
-2 - ((6 - 2 - 0) + -6)
0
Evaluate (0 - (-5 + 3)) + -7.
-5
-2 + 1 + 0 + -4
-5
Evaluate 1 - ((-4 - -5) + -1).
1
What is 2 + (1 - 7 - 0) - 1?
-5
-14 + 4 + (5 - -1)
-4
What is -4 - (-1 - -6 - 5)?
-4
Evaluate 8 + (-2 - (5 - 4)).
5
What is ((1 - -2) + -3 - -3) + -4?
-1
What is the value of -101 + 102 + (-1 - (0 - 2))?
2
Evaluate (-3 - -10 - (-8 + 18)) + -2.
-5
Calculate 23 - 18 - (1 - (0 - -2)).
6
-1 + -1 - (3 - (-6 - -7))
-4
Calculate 2 + -6 + 3 + 1.
0
Evaluate 4 + -9 + -11 + 4 + 4.
-8
What is the value of 9 + -1 + -12 + -2 + 5?
-1
What is 4 + (4 - 14) + 3 + 3?
0
Calculate (1 - (0 + 0)) + 21 + -19.
3
Evaluate 9 - 8 - ((2 - 2) + -1).
2
Evaluate 0 - (0 - 0 - (6 + -6)).
0
What is the value of -5 + 3 + 0 + 6?
4
-14 + 8 + 1 + 10 - 6
-1
Calculate (-5 - -7) + -5 + (-3 - -3).
-3
What is the value of 16 - (-3 - -9 - -3)?
7
Calculate (-10 - 2) + (133 - 130).
-9
Calculate 3 - 2 - (-2 + 5 + -5).
3
2 + (2 + -2 - (3 + -6))
5
Calculate -4 + -1 + 22 + -15 + -7.
-5
Calculate (-1 - 4) + -10 + 1 + 9.
-5
-4 + 11 + (0 - 1) - 4
2
Calculate -1 + (-4 + -2 - -2).
-5
Calculate (0 - -9) + 3 + -11.
1
What is the value of -1 + (-1 - 9) + 10?
-1
What is -5 + (0 - 2) + 2?
-5
Calculate (-5 + 6 - 1) + -3.
-3
What is 1 + -4 + 1 + 1?
-1
Calculate 5 + -14 - (2 + -5 + -3).
-3
Calculate (-1 + 2 - (3 + -4)) + -4.
-2
What is the value of 8 - ((9 - -14) + -10)?
-5
Calculate 2 + 4 + (-2 - (1 + 10)).
-7
Calculate (2 + 7 - 5) + -1 - 1.
2
Calculate 4 + -5 + 3 + -1 + -1.
0
Evaluate -1 + 4 + 17 + -16.
4
(-7 - -2) + (1 - -5) + 0
1
What is -1 + (-3 - (-4 - 4))?
4
3 + (-3 - (6 + -10))
4
Calculate 8 - 11 - (-1 + -4).
2
Evaluate -4 + 15 + -3 + (2 - 5).
5
Calculate (-1 - -8 - (19 - 14)) + 0.
2
Evaluate (-20 - -24) + (1 - (0 - -4)).
1
Calculate 1 - (1 - 1) - (12 + -14).
3
What is -61 + 50 - (-16 + 0)?
5
Evaluate -1 - 2 - 1 - 3.
-7
Calculate (2 - 3) + 4 - -2 - 10.
-5
What is (-1 - -8) + -12 - -3 - -4?
2
Calculate 7 + (12 - 10 - 8).
1
(1 - 0) + -14 + 9 + 4
0
Calculate (6 - 2) + -5 + 3.
2
Evaluate 1 - (3 - -5) - -7.
0
What is the value of (-3 - (-4 - (3 - 6))) + 6?
4
Evaluate (10 - 2) + -3 + (-3 - 1).
1
Evaluate -5 - (-12 + 4) - 2.
1
3 + -7 - (3 - 12 - -3)
2
Evaluate 0 + (4 - 1) + -5 + 7.
5
What is 9 - (-6 - (3 + -9))?
9
(5 - 5) + -1 + 0
-1
What is -5 - (1 - (-5 + 9))?
-2
What is the value of 14 - (12 + (1 - 4))?
5
5 + -5 - (-4 + 6)
-2
What is the value of 0 + 1 + 5 + -3?
3
What is 19 - 5 - 5 - 2?
7
What is the value of -11 - (4 + -23 + 5)?
3
What is the value of 0 + -17 + 8 + 7?
-2
Calculate -1 + 10 - (-3 - -14).
-2
What is 9 - (2 + (7 - 7)) - 7?
0
Calculate 4 + (-2 + -7 - -4 - -2).
1
-11 + (-6 - -6) - -8
-3
What is the value of (-8 - -3) + (0 - -4)?
-1
What is the value of -17 + 19 - (2 - -1)?
-1
Evaluate -3 + (-5 - 0) + -2.
-10
Evaluate (75 - 92) + 9 + 0.
-8
What is the value of (5 - 4) + -1 - (0 + 8)?
-8
9 + 3 + -10 + 5 - -2
9
2 + (0 - 0) - 1 - -1
2
1 + -4 + (-3 - -6)
0
Calculate 26 + -23 - (-1 - -11).
-7
2 - 1 - (1 + -13 + 8)
5
Calculate 5 + 1 - (1 - -8).
-3
Evaluate 8 + -3 + -12 - -6 - -7.
6
11 + -2 + 3 + -6 + 3
9
-1 + 3 + 2 + -5 + 3
2
Calculate (-2 - 1) + (6 - (-5 + 5)).
3
-10 + 19 - 9 - (-4 - -4)
0
What is the value of -2 - (-6 + 3 + 2)?
-1
Evaluate 1 - (2 - -11 - 10).
-2
Calculate (-3 - 10) + 3 - (1 + -5).
-6
Calculate -25 + 23 + 0 + -1 + -1.
-4
What is -2 - 0 - (4 + 1 + -5)?
-2
What is the value of -4 - 6 - (-23 + 6)?
7
Evaluate -2 - -6 - ((-16 - -7) + 19).
-6
-122 - -128 - (2 - (1 - 1))
4
Calculate (-3 - (4 + (-2 - 0))) + 3.
-2
Calculate 0 + 3 + 3 - (-2 + 1).
7
2 + (2 - (9 + -4 + 3))
-4
What is 6 + 1 - ((9 - -5) + -17)?
10
What is -1 - (-7 - (0 + -3))?
3
What is the value of -11 - (-23 + 0 + 3)?
9
Calculate -3 + (0 - -6) + (2 - 0).
5
Calculate (4 - 4) + 4 + -31 + 22.
-5
(1 + 6 - 7 - -1) + -1
0
What is 8 - (0 + -1 - -9) - -2?
2
119 - 132 - (2 + -21)
6
What is the value of (-1 - 7 - (-27 + 23)) + 2?
-2
Calculate -16 + (8 - (-6 - -6)).
-8
4 + (-6 - (0 - (1 - -1)))
0
Calculate (7 - 9) + 9 - (-1 + 2).
6
What is 3 - (-8 - (-12 + 3 + 3))?
5
-7 + 6 + 8 - 13
-6
What is (6 - 2) + -4 + -9 + 4?
-5
What is 1 - (1 - 4 - (-6 - -2))?
0
-7 + (7 - (4 + 2))
-6
What is the value of 1 - (-3 + 3) - 0?
1
What is 2 + 0 + 0 + 2?
4
2 + -2 - (2 - -5 - 0)
-7
Calculate (4 - 0) + -12 + 7.
-1
What is the value of -4 - -3 - -9 - 3?
5
What is the value of 1 - 1 - (-37 + 35)?
2
What is 7 + 5 + -9 + -3?
0
What is the value of 0 + -4 - (-5 - 4) - 0?
5
Calculate -2 + 5 - (-1 - -2 - 3).
5
Calculate (-15 + 15 - 3) + (-2 - -4).
-1
Calculate 32 + -23 - (15 + -1).
-5
What is -2 + 3 - (6 + 1 + -7)?
1
Evaluate 7 + -28 + 8 - (-5 + 1).
-9
(-9 - -1) + -10 + 21
3
What is (8 - 11) + 2 + -2 + -1?
-4
Calculate 11 + 6 + -10 + (0 - 4).
3
Calculate -4 - -2 - 7 - (0 - 3).
-6
Calculate -3 + (1 + 1 - -4).
3
Calculate -5 + 3 + (-6 - -5).
-3
(-1 - 6) + 0 + 5
-2
What is the value of -1 + 4 - (0 + 9 - 3)?
-3
Evaluate (0 - -3) + 6 + -10.
-1
(-6 + -1 + 3 - -2) + -2
-4
What is the value of -10 - (-7 + -3) - (-1 + -2)?
3
What is the value of -1 + -2 + (2 - 2)?
-3
What is (1 - 9 - (-16 + 2)) + -3?
3
What is the value of -5 - (5 - (1 + 8))?
-1
Calculate 93 + -83 - (4 - (-2 - -2)).
6
Calculate 17 + -7 - (3 - -3).
4
Calculate -3 + (-2 + -8 - -9).
-4
Evaluate 0 - (-4 - (4 + -4)).
4
What is the value of 6 + -6 + -2 + -2 + -1?
-5
What is -1 + (5 - 1) + -3?
0
Calculate 5 + 3 + -6 + 3.
5
What is the value of -12 - (-6 + -3 - -5) - -5?
-3
What is -5 + 7 + -6 + 11 - 9?
-2
Calculate (15 - 12) + (1 - 3).
1
What is -2 - (1 - (1 - -4)) - 2?
0
Calculate 11 + -6 + -1 + -8.
-4
Evaluate (-3 - -11) + -3 - (2 - -1).
2
Calculate -8 + (5 - (2 - -1)).
-6
What is the value of 3 - ((-1 + 2 - -2) + -2)?
2
What is 2 - (-6 + (-7 - -20))?
-5
Calculate 1 - ((2 - 2) + 3).
-2
What is 6 + -6 + -4 - -1?
-3
1 + (-6 - -6) + 3
4
What is the value of 6 + 1 + -5 + 5?
7
What is 7 - (5 + -6 + 4)?
4
Calculate (11 - 13) + 5 + -1.
2
What is 29 - 28 - (1 + -1 - -2)?
-1
Evaluate (-11 - 1 - -10) + 0.
-2
Evaluate (-1 - (-2 + 0 + 3)) + -1.
-3
Evaluate 1 - -1 - ((9 - 6) + -4).
3
Calculate 1 + -4 + 1 + 4.
2
3 - 0 - (-42 + 39)
6
Evaluate (4 - 1) + 2 + -1.
4
0 - (15 + -7 + -1)
-7
Calculate 0 + 17 - (-167 + 178).
6
What is 1 - (-3 - -9) - -4?
-1
What is -13 + 23 + -4 - 11?
-5
(-2 + (-4 - -1) - 0) + 3
-2
Calculate (-8 - -7) + -4 + 2.
-3
What is -2 - (-18 + 27 - (-1 - -3))?
-9
Evaluate 38 + -31 + 0 + -2.
5
-89 + 92 - (0 - 0 - 1)
4
What is the value of 0 + -5 - -4 - -2?
1
6 - (5 + 0) - 1
0
What is the value of 4 + (-3 - (3 - (-1 + 4)))?
1
Evaluate -1 + (-2 - -1) + -3.
-5
Evaluate -8 - (2 - (7 - -2)).
-1
(-7 - -13) + -22 - -5
-11
(-4 - -5) + 3 + -8
-4
Calculate (9 - 5) + 2 + -2.
4
What is 2 - (2 + (1 - -1))?
-2
Evaluate -2 - (1 + (5 - 0 - 3)).
-5
Calculate (1 - (5 + -8)) + -8.
-4
What is the value of -9 + -4 + 4 + 4?
-5
Calculate -13 - (-15 + 0) - (6 - 0).
-4
-9 - ((4 - 1) + -11)
-1
Calculate -1 + 1 + -1 - (11 + -12).
0
W